e
Is 54112 a multiple of 19?
True
Is 13 a factor of 2262?
True
Is 15201406 a multiple of 82?
True
Does 123 divide 89916?
False
Does 64 divide 20583?
False
Does 7 divide 79590?
True
Does 1227 divide 342897?
False
Is 111666 a multiple of 13?
False
Is 35 a factor of 130200?
True
Is 1408134 a multiple of 13?
True
Is 130 a factor of 180700?
True
Is 175 a factor of 563006?
False
Does 147 divide 188851?
False
Is 7250 a multiple of 71?
False
Is 1100 a factor of 2768700?
True
Is 1133 a factor of 5413790?
False
Does 100 divide 4213800?
True
Is 64 a factor of 3904?
True
Is 15 a factor of 170205?
True
Is 96202 a multiple of 103?
True
Is 61 a factor of 6253781?
True
Is 580549 a multiple of 6?
False
Is 13 a factor of 2280980?
True
Does 158 divide 1165408?
True
Does 29 divide 33495?
True
Does 6 divide 1327896?
True
Is 979501 a multiple of 78?
False
Is 7911355 a multiple of 7?
False
Is 21 a factor of 177786?
True
Is 852617 a multiple of 266?
False
Is 508302 a multiple of 27?
True
Is 82413 a multiple of 3?
True
Does 23 divide 1294203?
False
Is 314020 a multiple of 275?
False
Does 210 divide 189210?
True
Is 37 a factor of 13542?
True
Is 21 a factor of 728873?
False
Does 19 divide 542392?
False
Is 147 a factor of 780276?
True
Is 194 a factor of 35890?
True
Is 42 a factor of 13614?
False
Is 55 a factor of 185625?
True
Is 115 a factor of 569602?
False
Does 1061 divide 858856?
False
Does 39 divide 81749?
False
Is 218382 a multiple of 34?
True
Does 522 divide 980077?
False
Is 881280 a multiple of 48?
True
Is 65010 a multiple of 8?
False
Does 228 divide 9348?
True
Does 13 divide 13104?
True
Is 293808 a multiple of 6?
True
Is 33 a factor of 211299?
True
Is 19 a factor of 1152524?
False
Is 3881085 a multiple of 15?
True
Is 152 a factor of 147136?
True
Is 306 a multiple of 102?
True
Is 785925 a multiple of 7?
True
Is 210980 a multiple of 35?
True
Does 11 divide 1822964?
True
Does 67 divide 4694288?
True
Is 7 a factor of 3052700?
True
Is 221306 a multiple of 89?
False
Is 114586 a multiple of 46?
True
Does 140 divide 132342?
False
Is 495642 a multiple of 42?
True
Is 139 a factor of 2121418?
True
Does 20 divide 22184?
False
Does 24 divide 1000136?
False
Is 346654 a multiple of 109?
False
Is 304060 a multiple of 89?
False
Is 112395 a multiple of 59?
True
Is 91000 a multiple of 28?
True
Does 124 divide 46376?
True
Is 2385326 a multiple of 158?
True
Does 28 divide 1652241?
False
Does 99 divide 12415?
False
Does 242 divide 6900803?
False
Does 787 divide 1925002?
True
Does 18 divide 5435?
False
Is 1432783 a multiple of 10?
False
Does 339 divide 1147831?
False
Is 4165332 a multiple of 138?
False
Is 1853 a factor of 24354596?
False
Does 58 divide 2339372?
True
Does 11 divide 28974?
True
Does 10 divide 1346906?
False
Does 5 divide 3360?
True
Does 22 divide 75171?
False
Is 44 a factor of 7323976?
True
Does 73 divide 5805390?
False
Is 46 a factor of 600049?
False
Is 2112528 a multiple of 6?
True
Is 404544 a multiple of 688?
True
Is 39 a factor of 1207348?
False
Does 193 divide 65832?
False
Is 7 a factor of 14863?
False
Is 461220 a multiple of 34?
False
Does 260 divide 754000?
True
Is 326 a factor of 525838?
True
Is 13 a factor of 839929?
False
Is 100 a factor of 239713?
False
Is 5 a factor of 284409?
False
Is 72671 a multiple of 130?
False
Is 208736 a multiple of 22?
True
Is 15 a factor of 737415?
True
Is 254223 a multiple of 3?
True
Is 65633 a multiple of 14?
False
Does 49 divide 186586?
False
Is 15 a factor of 1678422?
False
Is 1514041 a multiple of 1182?
False
Is 98379 a multiple of 85?
False
Is 86 a factor of 86472?
False
Is 66 a factor of 7815?
False
Does 1719 divide 1837611?
True
Does 23 divide 2080511?
True
Does 13 divide 2608561?
False
Is 158067 a multiple of 11?
False
Is 467 a factor of 334838?
False
Does 11 divide 439978?
True
Is 375310 a multiple of 65?
True
Does 176 divide 156992?
True
Is 472312 a multiple of 344?
True
Does 105 divide 1194900?
True
Is 923699 a multiple of 195?
False
Is 544752 a multiple of 312?
True
Is 185 a factor of 327737?
False
Does 16 divide 369936?
True
Is 121574 a multiple of 178?
True
Does 26 divide 257782?
False
Is 456228 a multiple of 36?
True
Is 253 a factor of 805552?
True
Is 996 a factor of 19399690?
False
Is 64 a factor of 7190592?
True
Does 266 divide 1140076?
True
Does 232 divide 4661344?
True
Does 45 divide 3414037?
False
Does 20 divide 7439560?
True
Does 78 divide 279864?
True
Is 633660 a multiple of 10?
True
Is 58 a factor of 9280064?
False
Is 16 a factor of 243577?
False
Is 559787 a multiple of 97?
True
Is 6265136 a multiple of 37?
True
Is 237498 a multiple of 69?
True
Does 15 divide 213688?
False
Is 1887840 a multiple of 69?
True
Is 26469777 a multiple of 146?
False
Is 47 a factor of 13766720?
False
Is 5490 a multiple of 5?
True
Is 107497 a multiple of 147?
False
Does 39 divide 873265?
False
Is 32 a factor of 2161408?
True
Is 2904383 a multiple of 1228?
False
Is 412 a factor of 500916?
False
Is 693206 a multiple of 135?
False
Is 832 a factor of 26631937?
False
Is 11 a factor of 7092765?
False
Does 15 divide 1616662?
False
Does 466 divide 363014?
True
Is 2290202 a multiple of 188?
False
Is 21 a factor of 186533?
False
Is 793067 a multiple of 1038?
False
Does 36 divide 6500?
False
Is 29535 a multiple of 11?
True
Does 13 divide 121824?
False
Is 1004676 a multiple of 12?
True
Is 750318 a multiple of 159?
False
Is 12792108 a multiple of 14?
True
Is 23 a factor of 264182?
False
Is 60 a factor of 19761660?
True
Does 13 divide 444613?
True
Is 2621640 a multiple of 210?
True
Is 1925461 a multiple of 41?
False
Is 17 a factor of 9690?
True
Does 71 divide 11807158?
True
Does 174 divide 2084394?
False
Does 378 divide 5594218?
False
Is 2162084 a multiple of 26?
False
Is 8557 a multiple of 8?
False
Is 33123 a multiple of 118?
False
Is 6309564 a multiple of 140?
False
Is 33 a factor of 720463?
False
Is 40 a factor of 575161?
False
Is 113 a factor of 44522?
True
Is 1019 a factor of 3742807?
False
Is 1147314 a multiple of 59?
True
Does 55 divide 344490?
False
Is 98 a factor of 2060691?
False
Is 22 a factor of 2899789?
False
Does 8 divide 1382648?
True
Is 62 a factor of 198481?
False
Is 471761 a multiple of 22?
False
Is 50 a factor of 466200?
True
Is 1279903 a multiple of 1171?
True
Does 5 divide 197064?
False
Is 374 a factor of 6815844?
False
Does 17 divide 272?
True
Is 14 a factor of 8345552?
False
Does 22 divide 248358?
True
Does 15 divide 77235?
True
Is 1522031 a multiple of 103?
True
Is 28 a factor of 31164?
True
Does 3 divide 48186?
True
Is 4919538 a multiple of 4?
False
Does 4 divide 224192?
True
Does 13 divide 2845746?
False
Is 395 a factor of 438720?
False
Does 22 divide 3980746?
True
Does 163 divide 1363093?
False
Is 14 a factor of 42339?
False
Is 1194 a factor of 10292280?
True
Is 209 a factor of 16373631?
False
Is 607880 a multiple of 91?
True
Is 19 a factor of 3194394?
True
Is 23 a factor of 73419?
False
Is 814172 a multiple of 178?
True
Is 967 a factor of 2679557?
True
Is 123 a factor of 1710561?
True
Is 12 a factor of 90787?
False
Is 2 a factor of 37021?
False
Does 20 divide 154786?
False
Is 1435637 a multiple of 161?
True
Does 40 divide 15698?
False
Is 2 a factor of 19184?
True
Is 191 a factor of 1831910?
False
Does 1140 divide 2044020?
True
Does 144 divide 1338048?
True
Does 8 divide 88240?
True
Is 10 a factor of 1217450?
True
Is 330893 a multiple of 2?
False
Does 862 divide 6240018?
True
Is 223224 a multiple of 786?
True
Does 141 divide 1380989?
False
Does 70 divide 1452571?
False
Is 28 a factor of 13571852?
True
Does 49 divide 81928?
True
Is 1660826 a multiple of 547?
False
Does 205 divide 191470?
True
Is 486270 a multiple of 903?
False
Is 2775266 a multiple of 1234?
True
Does 32 divide 724800?
True
Does 67 divide 6629851?
True
Is 299612 a multiple of 18?
False
Does 1868 divide 12393442?
False
Is 322500 a multiple of 10?
True
Is 12 a factor of 60167?
False
Does 26 divide 212212?
True
Does 116 divide 49068?
True
Is 10901693 a multiple of 90?
False
Does 19 divide 835639?
True
Is 33 a factor of 848339?
False
Is 16 a factor of 682288?
True
Is 2858583 a multiple of 14?
False
Is 1093511 a multiple of 21?
False
Is 6 a factor of 18261?
False
Is 19 a factor of 7966794?
False
Does 10 divide 3280?
True
Is 27616 a multiple of 32?
True
Does 